
List the prime factors of 50585.
5, 67, 151
List the prime factors of 534298.
2, 311, 859
List the prime factors of 276663.
3, 92221
What are the prime factors of 11713?
13, 17, 53
List the prime factors of 90450.
2, 3, 5, 67
What are the prime factors of 38012338?
2, 7, 13, 29837
List the prime factors of 6227626.
2, 353, 8821
What are the prime factors of 86431?
19, 4549
List the prime factors of 6088053.
3, 2029351
What are the prime factors of 405206?
2, 83, 2441
What are the prime factors of 10156?
2, 2539
List the prime factors of 546101.
546101
What are the prime factors of 1147227?
3, 61, 6269
What are the prime factors of 9143634?
2, 3, 1523939
What are the prime factors of 3508468?
2, 877117
List the prime factors of 1156491.
3, 7, 29, 211
What are the prime factors of 4200241?
17, 247073
What are the prime factors of 634420?
2, 5, 31721
List the prime factors of 3215098.
2, 797, 2017
What are the prime factors of 8070299?
8070299
What are the prime factors of 1117330?
2, 5, 111733
List the prime factors of 960402.
2, 3, 59, 2713
What are the prime factors of 1943324?
2, 485831
What are the prime factors of 1066033?
19, 2953
List the prime factors of 481251.
3, 19, 8443
What are the prime factors of 106186?
2, 53093
What are the prime factors of 3164410?
2, 5, 67, 4723
List the prime factors of 351697.
43, 8179
What are the prime factors of 7291327?
7291327
What are the prime factors of 1709956?
2, 29, 14741
What are the prime factors of 8905519?
7, 59, 21563
What are the prime factors of 477690?
2, 3, 5, 15923
What are the prime factors of 145314?
2, 3, 13, 23
What are the prime factors of 269486?
2, 7, 19249
List the prime factors of 19207109.
19207109
List the prime factors of 510796.
2, 11, 13, 19, 47
List the prime factors of 1834954.
2, 11, 83407
What are the prime factors of 291717?
3, 32413
What are the prime factors of 2526563?
13, 19, 53, 193
What are the prime factors of 194640?
2, 3, 5, 811
What are the prime factors of 2689206?
2, 3, 13, 23, 1499
What are the prime factors of 11855333?
7, 991, 1709
List the prime factors of 24536480.
2, 5, 153353
List the prime factors of 3365530.
2, 5, 7, 48079
List the prime factors of 145924.
2, 191
List the prime factors of 4916354.
2, 2458177
List the prime factors of 1896042.
2, 3, 43, 7349
List the prime factors of 2238086.
2, 19, 58897
What are the prime factors of 67867?
67867
List the prime factors of 4083343.
11, 371213
List the prime factors of 2172504.
2, 3, 131, 691
List the prime factors of 1247394.
2, 3, 127, 1637
What are the prime factors of 20699265?
3, 5, 19, 59, 1231
List the prime factors of 818024.
2, 102253
What are the prime factors of 304578?
2, 3, 16921
What are the prime factors of 4619353?
4619353
List the prime factors of 1417711.
59, 24029
List the prime factors of 216395.
5, 113, 383
What are the prime factors of 12598152?
2, 3, 7, 31, 41, 59
What are the prime factors of 20012?
2, 5003
List the prime factors of 498531.
3, 11, 15107
List the prime factors of 42282954.
2, 3, 7, 335579
What are the prime factors of 483562?
2, 241781
List the prime factors of 8754201.
3, 17, 29, 1973
List the prime factors of 16414791.
3, 37, 147881
List the prime factors of 365828.
2, 91457
List the prime factors of 3910275.
3, 5, 1931
What are the prime factors of 180205?
5, 23, 1567
What are the prime factors of 72115?
5, 14423
List the prime factors of 122502.
2, 3, 17, 1201
List the prime factors of 372295.
5, 7, 11, 967
What are the prime factors of 643153?
7, 139, 661
List the prime factors of 598634.
2, 299317
List the prime factors of 2801549.
17, 223, 739
What are the prime factors of 191982?
2, 3, 7, 653
What are the prime factors of 994300?
2, 5, 61, 163
List the prime factors of 567670.
2, 5, 56767
List the prime factors of 8966274.
2, 3, 23, 43, 1511
What are the prime factors of 19284609?
3, 89, 72227
What are the prime factors of 5003433?
3, 157, 3541
What are the prime factors of 361353?
3, 23, 5237
List the prime factors of 547637.
19, 37, 41
What are the prime factors of 5943395?
5, 1188679
List the prime factors of 507065.
5, 13, 29, 269
List the prime factors of 432803.
7, 17, 3637
What are the prime factors of 133246?
2, 17, 3919
What are the prime factors of 6980008?
2, 7, 124643
List the prime factors of 25451024.
2, 53, 30013
What are the prime factors of 999360?
2, 3, 5, 347
List the prime factors of 600780.
2, 3, 5, 17, 19, 31
List the prime factors of 751369.
79, 9511
What are the prime factors of 488885?
5, 97777
What are the prime factors of 9036196?
2, 13, 173773
List the prime factors of 1774813.
1774813
What are the prime factors of 2155196?
2, 538799
List the prime factors of 22520998.
2, 11260499
List the prime factors of 40324.
2, 17, 593
List the prime factors of 189569.
163, 1163
List the prime factors of 4706309.
4706309
List the prime factors of 11990644.
2, 17, 176333
What are the prime factors of 261573?
3, 13, 19, 353
List the prime factors of 3719850.
2, 3, 5, 24799
What are the prime factors of 11988576?
2, 3, 41627
What are the prime factors of 1603342?
2, 13, 61667
List the prime factors of 18629035.
5, 89, 41863
List the prime factors of 221977.
7, 19, 1669
What are the prime factors of 8746?
2, 4373
What are the prime factors of 1451573?
1451573
List the prime factors of 1333348.
2, 333337
List the prime factors of 25286427.
3, 2809603
What are the prime factors of 7187626?
2, 67, 53639
List the prime factors of 424656.
2, 3, 983
List the prime factors of 5542326.
2, 3, 163, 1889
What are the prime factors of 2161180?
2, 5, 7, 43, 359
What are the prime factors of 1299054?
2, 3, 216509
What are the prime factors of 277695?
3, 5, 11, 17
What are the prime factors of 24793096?
2, 83, 37339
List the prime factors of 169804.
2, 42451
What are the prime factors of 1032359?
17, 60727
List the prime factors of 4428666.
2, 3, 11, 22367
What are the prime factors of 182396?
2, 45599
List the prime factors of 1752870.
2, 3, 5, 7, 17, 491
What are the prime factors of 362915?
5, 7, 10369
List the prime factors of 11006111.
19, 373, 1553
What are the prime factors of 64417?
37, 1741
What are the prime factors of 19412111?
67, 289733
What are the prime factors of 157427?
157427
What are the prime factors of 38208?
2, 3, 199
What are the prime factors of 160311?
3, 53437
What are the prime factors of 10098748?
2, 11, 17, 23, 587
What are the prime factors of 11422365?
3, 5, 257, 2963
List the prime factors of 1389548.
2, 311, 1117
List the prime factors of 8546916.
2, 3, 7, 101749
List the prime factors of 8173533.
3, 23, 118457
What are the prime factors of 6136937?
83, 73939
List the prime factors of 13692.
2, 3, 7, 163
List the prime factors of 17108173.
29, 317, 1861
What are the prime factors of 40309?
173, 233
What are the prime factors of 26149216?
2, 817163
What are the prime factors of 3287266?
2, 19, 29, 157
List the prime factors of 4571926.
2, 233, 9811
What are the prime factors of 218389?
218389
List the prime factors of 40821719.
89, 523, 877
List the prime factors of 7316656.
2, 431, 1061
What are the prime factors of 9738128?
2, 608633
What are the prime factors of 1520967?
3, 7, 23, 47, 67
List the prime factors of 187254.
2, 3, 101, 103
What are the prime factors of 3674853?
3, 7, 13, 641
What are the prime factors of 395932?
2, 31, 103
What are the prime factors of 3837168?
2, 3, 26647
What are the prime factors of 364826?
2, 7, 11, 23, 103
What are the prime factors of 429691?
31, 83, 167
What are the prime factors of 430150?
2, 5, 7, 1229
List the prime factors of 15128902.
2, 19, 398129
List the prime factors of 1973410.
2, 5, 197341
What are the prime factors of 377113?
11, 34283
What are the prime factors of 4939216?
2, 308701
What are the prime factors of 276851?
23, 12037
List the prime factors of 12381718.
2, 6190859
What are the prime factors of 5594667?
3, 13, 167, 859
List the prime factors of 184964.
2, 13, 3557
What are the prime factors of 252274?
2, 11, 11467
What are the prime factors of 7877845?
5, 23, 61, 1123
What are the prime factors of 4340189?
7, 19, 32633
What are the prime factors of 16337993?
7, 2333999
List the prime factors of 307175.
5, 11, 1117
What are the prime factors of 160984?
2, 2